 -3246. List the prime factors of k.
29, 83
Suppose -3*t = 3*i + 21, -5*t = -3*i - 0*i + 27. Let k(v) = v**3 + 7*v**2 + 5*v - 5. Let b be k(t). Let s(q) = 7*q**2 - 2*q + 2. List the prime factors of s(b).
7
Let f be (-20)/4*(2 - 1). Let n(u) = -2*u**2 - 17*u + 5. Let b(c) = c**2 + 17*c - 5. Let r(o) = -5*b(o) - 6*n(o). List the prime factors of r(f).
5, 17
Suppose -8 + 5 = -2*w - 3*a, 0 = 5*a + 5. Let x be (w*38)/((-18)/12). Let i = x - -164. What are the prime factors of i?
2, 11
Suppose 3*o - 4 = 4*n - 3, -o = 3*n - 9. Suppose 1390 = 5*t - o*s, -5*s = -5*t + 1860 - 480. List the prime factors of t.
281
Let y be -46*(1 - -2)/(-6). Suppose 5*t = -3*g + 4322, -5*t - y*g + 26*g + 4298 = 0. What are the prime factors of t?
2, 431
Let h = -206 - -208. Suppose -h*n + 7*n - 3*y = 4350, 2*y = -3*n + 2629. What are the prime factors of n?
3, 97
List the prime factors of (-35163711)/(-2001) - 8/116.
17573
Let p(n) = -n**3 + 65*n**2 + 15*n - 207. What are the prime factors of p(64)?
13, 373
Suppose -3*w - 3 = -3*z - 4*w, -17 = -4*z + 3*w. Suppose 0 = -0*t + t + z*h - 549, 0 = -2*t + 4*h + 1130. List the prime factors of t.
557
Let r = 10724 - 2420. List the prime factors of r.
2, 3, 173
Let i = 23 + -10. Suppose 2*g = -9*d + i*d + 50, 2*d = -4*g + 150. List the prime factors of g.
5, 7
Let m(r) be the first derivative of -3*r**4/2 + r**3/3 - r**2 - 3*r - 9. Let k be m(-2). Let c = 83 - k. List the prime factors of c.
2, 3, 5
Suppose 5*y + 2*h = 39616, 5*h = 12 + 3. List the prime factors of y.
2, 17, 233
Let j be ((-3)/((-9)/2))/((-12)/(-15894)). Let c = j + -618. Let t = 372 - c. List the prime factors of t.
107
Let j(z) = -4*z**2 - 9*z + 2*z**2 + 7*z**2 - 12 + 11. What are the prime factors of j(12)?
13, 47
Let l(o) be the second derivative of o**5/20 - 2*o**4/3 + 11*o**3/6 - o**2/2 - o. Suppose -24*m + 20 = -172. List the prime factors of l(m).
3, 29
Suppose 0 = -35*g + 222*g - 662354. What are the prime factors of g?
2, 7, 11, 23
Suppose 0 = -22*r + 19*r + 12. Suppose 0*q + 5*h - 1270 = -4*q, r*q - 1278 = -h. What are the prime factors of q?
2, 5
Suppose 26*c - 8204 = 33240. Suppose 0 = 6*a - 4796 - c. What are the prime factors of a?
3, 5, 71
Let c be (-14)/(-21)*(-5 + -1). Let o = -19 - -14. What are the prime factors of 2/o + -1724*c/40?
2, 43
Let m(b) = b**3 - 10*b**2 + 10*b - 4. Let w be m(9). Suppose 0*h - w*h = -l - 81, -3*l - 83 = -5*h. List the prime factors of -15 + h - (-82 + 0).
83
What are the prime factors of -177*556*(-10)/120?
59, 139
Let r = 14565 - 5996. What are the prime factors of r?
11, 19, 41
Suppose -97*d - 30 = -99*d. Let c(s) = 46*s - 92. What are the prime factors of c(d)?
2, 13, 23
Let p(j) = -3*j**2 + 3*j - 5. Let s(c) = 7*c**2 - 6*c + 11. Let u(b) = 9*p(b) + 4*s(b). Let a be u(-17). Suppose -5*v + 213 = -a. List the prime factors of v.
2, 3, 5
Let p = 79 + -77. Suppose -2*c - p*c + 23 = 5*o, 2*o = 6. Suppose -f + 120 = c*h, -2*f - 5*h + 0*h + 240 = 0. What are the prime factors of f?
2, 3, 5
Suppose -3*f = -3*o + 35040, 3*o - 35026 = 74*f - 73*f. What are the prime factors of o?
3, 1297
Suppose 5*n + 3*y = 43005, -y = -5*y + 20. What are the prime factors of n?
2, 3, 1433
Suppose -26*v = -414991 - 78489. List the prime factors of v.
2, 5, 13, 73
Suppose 108*j + 163 = 109*j. Let i = 487 + j. List the prime factors of i.
2, 5, 13
Suppose 2*b = -2*b + 20. Let k = 86 - 39. Suppose -5*x + 1475 = b*a, -4*x - 352 + k = -a. List the prime factors of a.
3, 11
Let m be (-120)/18 - 2/6. Let s = m - -46. What are the prime factors of s?
3, 13
Let z(i) = 3*i**3 + 20*i**2 - 86*i - 54. List the prime factors of z(16).
2, 3, 2663
Let k(j) = 11*j - 44. Let b be k(4). Suppose b = 3*p + 5*g - 473 - 541, 5*p - 1677 = -4*g. List the prime factors of p.
3, 37
Let v(u) = 7*u**2 + 2*u. Let y be v(-1). Suppose 0 = 5*l + z - 1076, -1068 = -y*l - 3*z - 0*z. What are the prime factors of l?
2, 3
Let g(n) be the first derivative of 127*n**3 - 2*n**2 - 2*n - 19. List the prime factors of g(-1).
383
Let c(f) = 25643*f + 60. What are the prime factors of c(1)?
25703
Let u = -2881 - -6021. What are the prime factors of u?
2, 5, 157
Suppose 3976 = -3*o - 1640. Let d = 2731 + o. List the prime factors of d.
859
Suppose h + 7 = -10. Let f(w) = -11*w + 40*w - w**2 + 17 - 30*w - 18*w - w. List the prime factors of f(h).
2, 17
Let z(c) = 24*c**2 + 6*c - 4. Let t = 140 + -138. List the prime factors of z(t).
2, 13
Suppose -39344 + 233934 = 10*w. Suppose -77*g + 66*g = -w. List the prime factors of g.
29, 61
Let u = -580 + 6543. What are the prime factors of u?
67, 89
Let s(j) = 4*j + 8. Let m be s(-2). Suppose 4*b + 2*u + 19 = b, m = -5*b + 4*u + 5. What are the prime factors of (-247)/(-3) - 1*2/b?
83
Suppose -3*t + 11 + 28 = 0. Suppose -8*y + t*y = 245. Suppose -b - 241 = -5*i - 0*i, i - y = b. What are the prime factors of i?
2, 3
Let n be (1/(3 + -2))/((-14)/(-42)). Suppose -3*l + 15 = n*m, -l - 7 = -m + 8. Let h(i) = -i**3 + 13*i**2 - 30*i + 14. List the prime factors of h(m).
2, 7
Suppose -72185 = 75*y - 874685. What are the prime factors of y?
2, 5, 107
List the prime factors of (-3627)/(-279) - (-8741 - 0).
2, 3, 1459
Let j be -3 - ((-6)/(-14) + 3254/(-14)). Suppose 3*x = -4*l + 323 - 54, 3*x - 4*l - j = 0. List the prime factors of x.
83
Suppose 0 = 2*y - 3*f - 17379, 37174 - 2404 = 4*y - 2*f. What are the prime factors of y?
2, 3, 7, 23
Let p = -41 + 57. Suppose 0 = 4*q - p, -11 = 4*d + 5*q + 41. Let z = -5 - d. What are the prime factors of z?
13
Let h(i) = -13*i + 71. Suppose b = 30 - 52. List the prime factors of h(b).
3, 7, 17
Suppose -16*c = -398572 - 93780. List the prime factors of c.
2, 7, 157
Let t be ((6 - 6)/1)/(-1). Suppose -39*a + 35*a + 256 = t. What are the prime factors of a?
2
Let d(g) = 64*g + 10. Suppose 16 = 4*c + 4. Let b be d(c). Suppose -178 = -5*x + b. What are the prime factors of x?
2, 19
Suppose 23 = 6*l + 5. Suppose l*y - u + 654 - 1740 = 0, -y - 3*u + 352 = 0. What are the prime factors of y?
19
Let p(i) = -5*i**2 - 20*i + 58. Let b(l) = -3*l**2 - 20*l + 59. Let q(t) = 4*b(t) - 5*p(t). List the prime factors of q(-8).
2, 3, 103
Let z(c) = -c**2 + 252*c**3 - 256*c**3 - c + 2*c + 1. Let y be z(-1). Let b(h) = 4*h**2 - 6*h + 3. List the prime factors of b(y).
3, 7
Let u(w) = -13*w + 91. Let s be u(6). Suppose 5456 = s*k - 3748. What are the prime factors of k?
2, 3, 59
Suppose -11*n + 9 = -24. What are the prime factors of (2898/(-27))/(-2*n/18)?
2, 7, 23
Suppose -199 = -10*m + 21. Suppose -8*g - 7462 = -m*g. Suppose 4*o + 3*h - 763 = 0, 4*o - g - 220 = -h. What are the prime factors of o?
11, 17
Let c = 4395 + 1743. Suppose 0 = -25*r - 1988 + c. What are the prime factors of r?
2, 83
Suppose 27*d = 31*d + 2*v + 1542, 2*d + 791 = -5*v. Let s = 0 - d. What are the prime factors of s?
383
Let h = 536 + -159. Let w = 769 - h. What are the prime factors of w?
2, 7
Let f be 5 + 0 - ((-50)/(-5) + 2 + -10). Let c be 1/3 + (-4876)/(-6). Suppose c = 3*u - f*d, 2*d = -2*d + 16. What are the prime factors of u?
5, 11
Let d(n) = -5*n - 7 + 8*n + 4*n - n**2. Let q be d(10). Let r = 125 + q. What are the prime factors of r?
2, 11
Let w(x) be the second derivative of 113*x**5/5 - 5*x**3/6 + 5*x**2/2 + 74*x - 2. List the prime factors of w(1).
2, 113
Suppose v + 4*z = 2*z + 41, 0 = 2*z - 4. Let d = -34 + v. Suppose d*u - 138 = -15. List the prime factors of u.
41
Suppose 31*f = -55*f + 602. Let c(d) = d**3 + 4*d + 4. Let z be c(6). Suppose -f*k + 9*k - z = 0. List the prime factors of k.
2, 61
Let k(j) = j**3 - 30*j**2 - 38*j - 68. Let o be k(30). What are the prime factors of (o/5)/(5/(-25))?
2, 151
Let l(s) = -187*s**3 - 4*s**2 - 41*s + 6. What are the prime factors of l(-4)?
2, 6037
Suppose 51*f + 26910 = 55*f + 2*y, -3*y = 4*f - 26915. What are the prime factors of f?
5, 269
Let y(m) = 745*m + 2549. What are the prime factors of y(76)?
3, 11, 163
List the prime factors of 48/20 - 9322984/(-440).
21191
Suppose -5*l - 11*u + 30000 = -6*u, 42055 = 7*l - 4*u. What are the prime factors of l?
5, 1201
Suppose 3*p = 2*l + 3, -3*l + 9*p - 4*p = 5. Suppose 4*k + l*k = -5*a + 13, -2*k - 2*a + 6 = 0. What are the prime factors of ((-3)/k)/(((-55)/(-460))/(-11))?
2, 3, 23
Suppose -99 - 376 = -5*p - 5*c, 5*p + 4*c = 471. What are the prime fac